{"id":2,"date":"2024-10-17T22:26:21","date_gmt":"2024-10-17T20:26:21","guid":{"rendered":"http:\/\/la7ecompamie.com\/?page_id=2"},"modified":"2025-09-09T21:28:49","modified_gmt":"2025-09-09T19:28:49","slug":"page-d-exemple","status":"publish","type":"page","link":"https:\/\/la7ecompamie.com\/","title":{"rendered":"Accueil"},"content":{"rendered":"<style>.elementor-2 .elementor-element.elementor-element-a29f214{--display:grid;--e-con-grid-template-columns:repeat(2, 1fr);--e-con-grid-template-rows:repeat(1, 1fr);--grid-auto-flow:row;}.elementor-2 .elementor-element.elementor-element-26ce334{--spacer-size:50px;}.elementor-widget-image .widget-image-caption{color:var( --e-global-color-text );font-family:var( --e-global-typography-text-font-family ), Sans-serif;font-weight:var( --e-global-typography-text-font-weight );}.elementor-2 .elementor-element.elementor-element-d6c5072 img{opacity:1;border-radius:0px 0px 0px 0px;}.elementor-2 .elementor-element.elementor-element-d6c5072 > .elementor-widget-container{margin:12px 12px 12px 12px;}.elementor-2 .elementor-element.elementor-element-dd47ce0{--display:flex;}.elementor-widget-heading .elementor-heading-title{font-family:var( --e-global-typography-primary-font-family ), Sans-serif;font-weight:var( --e-global-typography-primary-font-weight );color:var( --e-global-color-primary );}.elementor-2 .elementor-element.elementor-element-bbc3153 .elementor-heading-title{color:#006D3E;}.elementor-2 .elementor-element.elementor-element-cb8147a{--display:flex;--flex-direction:column;--container-widget-width:100%;--container-widget-height:initial;--container-widget-flex-grow:0;--container-widget-align-self:initial;--flex-wrap-mobile:wrap;}.elementor-widget-text-editor{font-family:var( --e-global-typography-text-font-family ), Sans-serif;font-weight:var( --e-global-typography-text-font-weight );color:var( --e-global-color-text );}.elementor-widget-text-editor.elementor-drop-cap-view-stacked .elementor-drop-cap{background-color:var( --e-global-color-primary );}.elementor-widget-text-editor.elementor-drop-cap-view-framed .elementor-drop-cap, .elementor-widget-text-editor.elementor-drop-cap-view-default .elementor-drop-cap{color:var( --e-global-color-primary );border-color:var( --e-global-color-primary );}.elementor-2 .elementor-element.elementor-element-a95287a{text-align:justify;color:#6EC17E;}.elementor-2 .elementor-element.elementor-element-5f82ec9{--display:grid;--e-con-grid-template-columns:repeat(4, 1fr);--e-con-grid-template-rows:repeat(1, 1fr);--grid-auto-flow:row;}.elementor-2 .elementor-element.elementor-element-31b0f12 .profile-card, .elementor-2 .elementor-element.elementor-element-31b0f12 .profile-image-card{background-color:#A07178;}.elementor-2 .elementor-element.elementor-element-31b0f12 .profile-card:hover, .elementor-2 .elementor-element.elementor-element-31b0f12 .profile-image-card:hover{box-shadow:0px 0px 10px 0px rgba(0,0,0,0.5);}.elementor-2 .elementor-element.elementor-element-31b0f12 .ekit-wid-con .profile-square-v.square-v4 .profile-card .profile-header{padding-top:200px;}.elementor-2 .elementor-element.elementor-element-31b0f12 .profile-header > img, .elementor-2 .elementor-element.elementor-element-31b0f12 .profile-image-card img, .elementor-2 .elementor-element.elementor-element-31b0f12 .profile-image-card, .elementor-2 .elementor-element.elementor-element-31b0f12 .profile-header {width:200px;height:200px;}.elementor-2 .elementor-element.elementor-element-31b0f12 .ekit-team-img.profile-header > img{border-radius:34% 34% 34% 34%;}.elementor-2 .elementor-element.elementor-element-31b0f12 .profile-body:hover .profile-title{color:#000000;}.elementor-2 .elementor-element.elementor-element-31b0f12 .profile-card:hover .profile-title{color:#000000 !important;}.elementor-2 .elementor-element.elementor-element-31b0f12 > .elementor-widget-container{margin:0px 0px 0px 0px;padding:0px 0px 0px 0px;}.elementor-2 .elementor-element.elementor-element-a203120 .profile-card, .elementor-2 .elementor-element.elementor-element-a203120 .profile-image-card{background-color:#6EC17E;padding:40px 40px 13px 40px;}.elementor-2 .elementor-element.elementor-element-a203120 .profile-card:hover, .elementor-2 .elementor-element.elementor-element-a203120 .profile-image-card:hover{box-shadow:0px 0px 10px 0px rgba(0,0,0,0.5);}.elementor-2 .elementor-element.elementor-element-a203120 .ekit-wid-con .profile-square-v.square-v4 .profile-card .profile-header{padding-top:200px;}.elementor-2 .elementor-element.elementor-element-a203120 .profile-header > img, .elementor-2 .elementor-element.elementor-element-a203120 .profile-image-card img, .elementor-2 .elementor-element.elementor-element-a203120 .profile-image-card, .elementor-2 .elementor-element.elementor-element-a203120 .profile-header {width:200px;height:200px;}.elementor-2 .elementor-element.elementor-element-a203120 .ekit-team-img.profile-header > img{border-radius:34% 34% 34% 34%;}.elementor-2 .elementor-element.elementor-element-a203120 .profile-body:hover .profile-title{color:#000000;}.elementor-2 .elementor-element.elementor-element-a203120 .profile-card:hover .profile-title{color:#000000 !important;}.elementor-2 .elementor-element.elementor-element-a203120 > .elementor-widget-container{margin:0px 0px 0px 0px;}.elementor-2 .elementor-element.elementor-element-3a3e4d0 .profile-card, .elementor-2 .elementor-element.elementor-element-3a3e4d0 .profile-image-card{background-color:#A07178;padding:26px 26px 26px 26px;}.elementor-2 .elementor-element.elementor-element-3a3e4d0 .profile-card:hover, .elementor-2 .elementor-element.elementor-element-3a3e4d0 .profile-image-card:hover{box-shadow:0px 0px 10px 0px rgba(0,0,0,0.5);}.elementor-2 .elementor-element.elementor-element-3a3e4d0 .ekit-wid-con .profile-square-v.square-v4 .profile-card .profile-header{padding-top:200px;}.elementor-2 .elementor-element.elementor-element-3a3e4d0 .profile-header > img, .elementor-2 .elementor-element.elementor-element-3a3e4d0 .profile-image-card img, .elementor-2 .elementor-element.elementor-element-3a3e4d0 .profile-image-card, .elementor-2 .elementor-element.elementor-element-3a3e4d0 .profile-header {width:200px;height:200px;}.elementor-2 .elementor-element.elementor-element-3a3e4d0 .ekit-team-img.profile-header > img{border-radius:34% 34% 34% 34%;}.elementor-2 .elementor-element.elementor-element-3a3e4d0 .profile-body:hover .profile-title{color:#000000;}.elementor-2 .elementor-element.elementor-element-3a3e4d0 .profile-card:hover .profile-title{color:#000000 !important;}.elementor-2 .elementor-element.elementor-element-f8fecf3 .profile-card, .elementor-2 .elementor-element.elementor-element-f8fecf3 .profile-image-card{background-color:#6EC17E;padding:30px 30px 52px 30px;}.elementor-2 .elementor-element.elementor-element-f8fecf3 .profile-card:hover, .elementor-2 .elementor-element.elementor-element-f8fecf3 .profile-image-card:hover{box-shadow:0px 0px 10px 0px rgba(0,0,0,0.5);}.elementor-2 .elementor-element.elementor-element-f8fecf3 .ekit-wid-con .profile-square-v.square-v4 .profile-card .profile-header{padding-top:200px;}.elementor-2 .elementor-element.elementor-element-f8fecf3 .profile-header > img, .elementor-2 .elementor-element.elementor-element-f8fecf3 .profile-image-card img, .elementor-2 .elementor-element.elementor-element-f8fecf3 .profile-image-card, .elementor-2 .elementor-element.elementor-element-f8fecf3 .profile-header {width:200px;height:200px;}.elementor-2 .elementor-element.elementor-element-f8fecf3 .ekit-team-img.profile-header > img{border-radius:34% 34% 34% 34%;}.elementor-2 .elementor-element.elementor-element-f8fecf3 .profile-body:hover .profile-title{color:#000000;}.elementor-2 .elementor-element.elementor-element-f8fecf3 .profile-card:hover .profile-title{color:#000000 !important;}.elementor-widget-divider{--divider-color:var( --e-global-color-secondary );}.elementor-widget-divider .elementor-divider__text{color:var( --e-global-color-secondary );font-family:var( --e-global-typography-secondary-font-family ), Sans-serif;font-weight:var( --e-global-typography-secondary-font-weight );}.elementor-widget-divider.elementor-view-stacked .elementor-icon{background-color:var( --e-global-color-secondary );}.elementor-widget-divider.elementor-view-framed .elementor-icon, .elementor-widget-divider.elementor-view-default .elementor-icon{color:var( --e-global-color-secondary );border-color:var( --e-global-color-secondary );}.elementor-widget-divider.elementor-view-framed .elementor-icon, .elementor-widget-divider.elementor-view-default .elementor-icon svg{fill:var( --e-global-color-secondary );}.elementor-2 .elementor-element.elementor-element-004839f{--divider-border-style:solid;--divider-color:#000;--divider-border-width:1px;}.elementor-2 .elementor-element.elementor-element-004839f .elementor-divider-separator{width:0%;}.elementor-2 .elementor-element.elementor-element-004839f .elementor-divider{padding-block-start:15px;padding-block-end:15px;}.elementor-2 .elementor-element.elementor-element-aeacdb9{--display:flex;--flex-direction:column;--container-widget-width:100%;--container-widget-height:initial;--container-widget-flex-grow:0;--container-widget-align-self:initial;--flex-wrap-mobile:wrap;}@media(max-width:1024px){.elementor-2 .elementor-element.elementor-element-a29f214{--grid-auto-flow:row;}.elementor-2 .elementor-element.elementor-element-5f82ec9{--grid-auto-flow:row;}}@media(max-width:767px){.elementor-2 .elementor-element.elementor-element-a29f214{--e-con-grid-template-columns:repeat(1, 1fr);--e-con-grid-template-rows:repeat(1, 1fr);--grid-auto-flow:row;}.elementor-2 .elementor-element.elementor-element-5f82ec9{--e-con-grid-template-columns:repeat(1, 1fr);--e-con-grid-template-rows:repeat(2, 1fr);--grid-auto-flow:row;}}<\/style>\t\t<div data-elementor-type=\"wp-page\" data-elementor-id=\"2\" class=\"elementor elementor-2\">\n\t\t\t\t<div class=\"elementor-element elementor-element-a29f214 e-grid e-con-boxed wpr-particle-no wpr-jarallax-no wpr-parallax-no wpr-sticky-section-no wpr-equal-height-no e-con e-parent\" data-id=\"a29f214\" data-element_type=\"container\" data-e-type=\"container\">\n\t\t\t\t\t<div class=\"e-con-inner\">\n\t\t\t\t<div class=\"elementor-element elementor-element-26ce334 elementor-hidden-mobile elementor-widget elementor-widget-spacer\" data-id=\"26ce334\" data-element_type=\"widget\" data-e-type=\"widget\" data-widget_type=\"spacer.default\">\n\t\t\t\t<div class=\"elementor-widget-container\">\n\t\t\t\t\t\t\t<div class=\"elementor-spacer\">\n\t\t\t<div class=\"elementor-spacer-inner\"><\/div>\n\t\t<\/div>\n\t\t\t\t\t\t<\/div>\n\t\t\t\t<\/div>\n\t\t\t\t<div class=\"elementor-element elementor-element-d6c5072 elementor-widget elementor-widget-image\" data-id=\"d6c5072\" data-element_type=\"widget\" data-e-type=\"widget\" data-widget_type=\"image.default\">\n\t\t\t\t<div class=\"elementor-widget-container\">\n\t\t\t\t\t\t\t\t\t\t\t\t\t\t\t<img decoding=\"async\" src=\"http:\/\/la7ecompamie.com\/wp-content\/uploads\/2024\/10\/logo-compagnon.webp\" title=\"\" alt=\"\" loading=\"lazy\" \/>\t\t\t\t\t\t\t\t\t\t\t\t\t\t\t<\/div>\n\t\t\t\t<\/div>\n\t\t\t\t\t<\/div>\n\t\t\t\t<\/div>\n\t\t<div class=\"elementor-element elementor-element-dd47ce0 e-flex e-con-boxed wpr-particle-no wpr-jarallax-no wpr-parallax-no wpr-sticky-section-no wpr-equal-height-no e-con e-parent\" data-id=\"dd47ce0\" data-element_type=\"container\" data-e-type=\"container\">\n\t\t\t\t\t<div class=\"e-con-inner\">\n\t\t\t\t<div class=\"elementor-element elementor-element-bbc3153 elementor-widget elementor-widget-heading\" data-id=\"bbc3153\" data-element_type=\"widget\" data-e-type=\"widget\" data-widget_type=\"heading.default\">\n\t\t\t\t<div class=\"elementor-widget-container\">\n\t\t\t\t\t<h2 class=\"elementor-heading-title elementor-size-default\">Qui sommes-nous : <\/h2>\t\t\t\t<\/div>\n\t\t\t\t<\/div>\n\t\t\t\t\t<\/div>\n\t\t\t\t<\/div>\n\t\t<div class=\"elementor-element elementor-element-cb8147a e-flex e-con-boxed wpr-particle-no wpr-jarallax-no wpr-parallax-no wpr-sticky-section-no wpr-equal-height-no e-con e-parent\" data-id=\"cb8147a\" data-element_type=\"container\" data-e-type=\"container\">\n\t\t\t\t\t<div class=\"e-con-inner\">\n\t\t\t\t<div class=\"elementor-element elementor-element-a95287a elementor-widget elementor-widget-text-editor\" data-id=\"a95287a\" data-element_type=\"widget\" data-e-type=\"widget\" data-widget_type=\"text-editor.default\">\n\t\t\t\t<div class=\"elementor-widget-container\">\n\t\t\t\t\t\t\t\t\t<h5><span style=\"font-weight: 400;\">Notre \u00e9quipe, La 7\u00e8me Comp\u2019Amis, s\u2019est form\u00e9e en 2023. \u00c0 l\u2019origine, nous \u00e9tions sept compagnons, et aujourd\u2019hui, nous sommes quatre: Lo\u00efc, No\u00eblle, Ombeline et Salom\u00e9. Notre nom est un clin d&rsquo;\u0153il au film <\/span><i><span style=\"font-weight: 400;\">La 7\u00e8me Compagnie<\/span><\/i><span style=\"font-weight: 400;\">, un choix qui illustre bien notre esprit : de la d\u00e9brouille, une bonne dose d\u2019humour et surtout une forte coh\u00e9sion d\u2019\u00e9quipe. Notre particularit\u00e9 est que nous venons tous de groupes scouts diff\u00e9rents : Antibes, Nice, Carros et Vence. Cela fait notre richesse et notre force. Ces origines vari\u00e9es nous ont permis d\u2019apporter des exp\u00e9riences et des savoir-faire diff\u00e9rents, renfor\u00e7ant ainsi la coh\u00e9sion de notre \u00e9quipe.<\/span><\/h5>\t\t\t\t\t\t\t\t<\/div>\n\t\t\t\t<\/div>\n\t\t\t\t\t<\/div>\n\t\t\t\t<\/div>\n\t\t<div class=\"elementor-element elementor-element-5f82ec9 e-grid e-con-boxed wpr-particle-no wpr-jarallax-no wpr-parallax-no wpr-sticky-section-no wpr-equal-height-no e-con e-parent\" data-id=\"5f82ec9\" data-element_type=\"container\" data-e-type=\"container\">\n\t\t\t\t\t<div class=\"e-con-inner\">\n\t\t\t\t<div class=\"elementor-element elementor-element-31b0f12 elementor-widget elementor-widget-elementskit-team\" data-id=\"31b0f12\" data-element_type=\"widget\" data-e-type=\"widget\" data-widget_type=\"elementskit-team.default\">\n\t\t\t\t<div class=\"elementor-widget-container\">\n\t\t\t\t\t<div class=\"ekit-wid-con\">\t\t\t\t\t\t\t\t\n\t\t<div class=\"profile-card elementor-animation-bob text-center ekit-team-style-default\">\n\t\t\t\n\t\t\t\t<div class=\"profile-header ekit-team-img ekit-img-overlay ekit-team-img-block\" >\n\t\t\t\t\t<img decoding=\"async\" src=\"http:\/\/la7ecompamie.com\/wp-content\/uploads\/2025\/04\/noel.png\" title=\"\" alt=\"\" loading=\"lazy\" \/>\t\t\t\t<\/div><!-- .profile-header END -->\n\t\t\t\n\n\t\t\t\t<div class=\"profile-body\">\n\t\t\t\t\t\n\t\t\t\t\t<h2 class=\"profile-title\">\n\t\t\t\t\t\t\t\t\t\t\tNo\u00eblle\t\t\t\t\t\t\t\t\t\t<\/h2>\n\t\t\t\t\t<p class=\"profile-designation\"><\/p>\n\t\t\t\t\t\t\t\t\t\t<p class=\"profile-content\">Scouts depuis 13 ans, et toujours autant de passion! No\u00eblle fait des \u00e9tudes en L3 de psychologie \u00e0 Nice. Motiv\u00e9e, cr\u00e9ative et adorant travailler avec les enfants, elle met tout son c\u0153ur dans chaque aventure scoute. Pour elle chaque moment est une nouvelle opportunit\u00e9 de grandir et de partager. Elle s'occupe de la pr\u00e9sence du groupe sur les r\u00e9seaux. <\/p>\n\t\t\t\t\t\t\t\t\t<\/div><!-- .profile-body END -->\n\n\t\t\t\t\t\t\t\t<\/div>\n\t\t\t\t\t\t\t\n\t\t\t\n\t\t\t\t<\/div>\t\t\t\t<\/div>\n\t\t\t\t<\/div>\n\t\t\t\t<div class=\"elementor-element elementor-element-a203120 elementor-widget elementor-widget-elementskit-team\" data-id=\"a203120\" data-element_type=\"widget\" data-e-type=\"widget\" data-widget_type=\"elementskit-team.default\">\n\t\t\t\t<div class=\"elementor-widget-container\">\n\t\t\t\t\t<div class=\"ekit-wid-con\">\t\t\t\t\t\t\t\t\n\t\t<div class=\"profile-card elementor-animation-bob text-center ekit-team-style-default\">\n\t\t\t\n\t\t\t\t<div class=\"profile-header ekit-team-img ekit-img-overlay ekit-team-img-block\" >\n\t\t\t\t\t<img fetchpriority=\"high\" decoding=\"async\" width=\"298\" height=\"300\" src=\"https:\/\/la7ecompamie.com\/wp-content\/uploads\/2025\/09\/IMG_20250410_112624-e1757446122711.jpg\" class=\"attachment-2048x2048 size-2048x2048 wp-image-378\" alt=\"\" srcset=\"https:\/\/la7ecompamie.com\/wp-content\/uploads\/2025\/09\/IMG_20250410_112624-e1757446122711.jpg 298w, https:\/\/la7ecompamie.com\/wp-content\/uploads\/2025\/09\/IMG_20250410_112624-e1757446122711-150x150.jpg 150w\" sizes=\"(max-width: 298px) 100vw, 298px\" \/>\t\t\t\t<\/div><!-- .profile-header END -->\n\t\t\t\n\n\t\t\t\t<div class=\"profile-body\">\n\t\t\t\t\t\n\t\t\t\t\t<h2 class=\"profile-title\">\n\t\t\t\t\t\t\t\t\t\t\tLo\u00efc\t\t\t\t\t\t\t\t\t\t<\/h2>\n\t\t\t\t\t<p class=\"profile-designation\"><\/p>\n\t\t\t\t\t\t\t\t\t\t<p class=\"profile-content\">Ayant rejoint les scouts \u00e0 8 ans, Lo\u00efc a grandi dans l'autonomie et la bienveillance diffus\u00e9es chez les SGDF. Il est en deuxi\u00e8mes ann\u00e9e d'\u00e9tude de cybers\u00e9curit\u00e9 \u00e0 Saint-malo. Toujours souriant et partant de nouvelles aventures, il a h\u00e2te de mener ce projet \u00e0 bien. Il s'est occup\u00e9 de d\u00e9velopper notre site web.<\/p>\n\t\t\t\t\t\t\t\t\t<\/div><!-- .profile-body END -->\n\n\t\t\t\t\t\t\t\t<\/div>\n\t\t\t\t\t\t\t\n\t\t\t\n\t\t\t\t<\/div>\t\t\t\t<\/div>\n\t\t\t\t<\/div>\n\t\t\t\t<div class=\"elementor-element elementor-element-3a3e4d0 elementor-widget elementor-widget-elementskit-team\" data-id=\"3a3e4d0\" data-element_type=\"widget\" data-e-type=\"widget\" data-widget_type=\"elementskit-team.default\">\n\t\t\t\t<div class=\"elementor-widget-container\">\n\t\t\t\t\t<div class=\"ekit-wid-con\">\t\t\t\t\t\t\t\t\n\t\t<div class=\"profile-card elementor-animation-bob text-center ekit-team-style-default\">\n\t\t\t\n\t\t\t\t<div class=\"profile-header ekit-team-img ekit-img-overlay ekit-team-img-block\" >\n\t\t\t\t\t<img decoding=\"async\" src=\"https:\/\/la7ecompamie.com\/wp-content\/uploads\/2025\/09\/20240724_190028-scaled-e1757444842623-400x400.jpg\" title=\"20240724_190028\" alt=\"20240724_190028\" loading=\"lazy\" \/>\t\t\t\t<\/div><!-- .profile-header END -->\n\t\t\t\n\n\t\t\t\t<div class=\"profile-body\">\n\t\t\t\t\t\n\t\t\t\t\t<h2 class=\"profile-title\">\n\t\t\t\t\t\t\t\t\t\t\tOmbeline \t\t\t\t\t\t\t\t\t\t<\/h2>\n\t\t\t\t\t<p class=\"profile-designation\"><\/p>\n\t\t\t\t\t\t\t\t\t\t<p class=\"profile-content\">Ombeline a rejoint les scouts \u00e0 14 ans. Elle a \u00e9t\u00e9 cheftaine \u00e0 Vence (dans le 06) et elle est maintenant cheftaine pionnier et caravelle \u00e0 Digne-les-Bains (dans le 04). Parall\u00e8lement, elle suit des \u00e9tudes en g\u00e9nie biologique parcours agronomie \u00e0 l'IUT. Ombeline est motiv\u00e9e et dynamique, toujours pr\u00eate \u00e0 relever de nouveaux d\u00e9fis. Elle s'est occup\u00e9e du dossier de comptabilit\u00e9. \n<\/p>\n\t\t\t\t\t\t\t\t\t<\/div><!-- .profile-body END -->\n\n\t\t\t\t\t\t\t\t<\/div>\n\t\t\t\t\t\t\t\n\t\t\t\n\t\t\t\t<\/div>\t\t\t\t<\/div>\n\t\t\t\t<\/div>\n\t\t\t\t<div class=\"elementor-element elementor-element-f8fecf3 elementor-widget elementor-widget-elementskit-team\" data-id=\"f8fecf3\" data-element_type=\"widget\" data-e-type=\"widget\" data-widget_type=\"elementskit-team.default\">\n\t\t\t\t<div class=\"elementor-widget-container\">\n\t\t\t\t\t<div class=\"ekit-wid-con\">\t\t\t\t\t\t\t\t\n\t\t<div class=\"profile-card elementor-animation-bob text-center ekit-team-style-default\">\n\t\t\t\n\t\t\t\t<div class=\"profile-header ekit-team-img ekit-img-overlay ekit-team-img-block\" >\n\t\t\t\t\t<img decoding=\"async\" src=\"http:\/\/la7ecompamie.com\/wp-content\/uploads\/2025\/04\/salome.jpg\" title=\"\" alt=\"\" loading=\"lazy\" \/>\t\t\t\t<\/div><!-- .profile-header END -->\n\t\t\t\n\n\t\t\t\t<div class=\"profile-body\">\n\t\t\t\t\t\n\t\t\t\t\t<h2 class=\"profile-title\">\n\t\t\t\t\t\t\t\t\t\t\tSalom\u00e9\t\t\t\t\t\t\t\t\t\t<\/h2>\n\t\t\t\t\t<p class=\"profile-designation\"><\/p>\n\t\t\t\t\t\t\t\t\t\t<p class=\"profile-content\">Salom\u00e9 est une scoute en herbe. Elle a rejoint le scoutisme il y a 2 ans et est \u00e9galement cheftaine scouts et guides \u00e0 ses heures perdues. Salom\u00e9 suit des \u00e9tudes en g\u00e9nie m\u00e9canique en alternance. Dynamique et volontaire, elle est toujours pr\u00eate pour l'aventure. Elle s\u2019est notamment occup\u00e9e des \u00e9changes avec les associations. <\/p>\n\t\t\t\t\t\t\t\t\t<\/div><!-- .profile-body END -->\n\n\t\t\t\t\t\t\t\t<\/div>\n\t\t\t\t\t\t\t\n\t\t\t\n\t\t\t\t<\/div>\t\t\t\t<\/div>\n\t\t\t\t<\/div>\n\t\t\t\t<div class=\"elementor-element elementor-element-004839f elementor-widget-divider--view-line elementor-widget elementor-widget-divider\" data-id=\"004839f\" data-element_type=\"widget\" data-e-type=\"widget\" data-widget_type=\"divider.default\">\n\t\t\t\t<div class=\"elementor-widget-container\">\n\t\t\t\t\t\t\t<div class=\"elementor-divider\">\n\t\t\t<span class=\"elementor-divider-separator\">\n\t\t\t\t\t\t<\/span>\n\t\t<\/div>\n\t\t\t\t\t\t<\/div>\n\t\t\t\t<\/div>\n\t\t\t\t\t<\/div>\n\t\t\t\t<\/div>\n\t\t<div class=\"elementor-element elementor-element-aeacdb9 e-flex e-con-boxed wpr-particle-no wpr-jarallax-no wpr-parallax-no wpr-sticky-section-no wpr-equal-height-no e-con e-parent\" data-id=\"aeacdb9\" data-element_type=\"container\" data-e-type=\"container\">\n\t\t\t\t\t<div class=\"e-con-inner\">\n\t\t\t\t\t<\/div>\n\t\t\t\t<\/div>\n\t\t\t\t<\/div>\n\t\t","protected":false},"excerpt":{"rendered":"<p>Qui sommes-nous : Notre \u00e9quipe, La 7\u00e8me Comp\u2019Amis, s\u2019est form\u00e9e en 2023. \u00c0 l\u2019origine, nous \u00e9tions sept compagnons, et aujourd\u2019hui, nous sommes quatre: Lo\u00efc, No\u00eblle, Ombeline et Salom\u00e9. Notre nom est un clin d&rsquo;\u0153il au film La 7\u00e8me Compagnie, un choix qui illustre bien notre esprit : de la d\u00e9brouille, une bonne dose d\u2019humour et surtout une forte coh\u00e9sion d\u2019\u00e9quipe. Notre particularit\u00e9 est que nous venons tous de groupes scouts diff\u00e9rents : Antibes, Nice, Carros et Vence. Cela fait notre richesse et notre force. Ces origines vari\u00e9es nous ont permis d\u2019apporter des exp\u00e9riences et des savoir-faire diff\u00e9rents, renfor\u00e7ant ainsi la coh\u00e9sion de notre \u00e9quipe. No\u00eblle Scouts depuis 13 ans, et toujours autant de passion! No\u00eblle fait des \u00e9tudes en L3 de psychologie \u00e0 Nice. Motiv\u00e9e, cr\u00e9ative et adorant travailler avec les enfants, elle met tout son c\u0153ur dans chaque aventure scoute. Pour elle chaque moment est une nouvelle opportunit\u00e9 de grandir et de partager. Elle s&rsquo;occupe de la pr\u00e9sence du groupe sur les r\u00e9seaux. Lo\u00efc Ayant rejoint les scouts \u00e0 8 ans, Lo\u00efc a grandi dans l&rsquo;autonomie et la bienveillance diffus\u00e9es chez les SGDF. Il est en deuxi\u00e8mes ann\u00e9e d&rsquo;\u00e9tude de cybers\u00e9curit\u00e9 \u00e0 Saint-malo. Toujours souriant et partant de nouvelles aventures, il a h\u00e2te de mener ce projet \u00e0 bien. Il s&rsquo;est occup\u00e9 de d\u00e9velopper notre site web. Ombeline Ombeline a rejoint les scouts \u00e0 14 ans. Elle a \u00e9t\u00e9 cheftaine \u00e0 Vence (dans le 06) et elle est maintenant cheftaine pionnier et caravelle \u00e0 Digne-les-Bains (dans le 04). Parall\u00e8lement, elle suit des \u00e9tudes en g\u00e9nie biologique parcours agronomie \u00e0 l&rsquo;IUT. Ombeline est motiv\u00e9e et dynamique, toujours pr\u00eate \u00e0 relever de nouveaux d\u00e9fis. Elle s&rsquo;est occup\u00e9e du dossier de comptabilit\u00e9. Salom\u00e9 Salom\u00e9 est une scoute en herbe. Elle a rejoint le scoutisme il y a 2 ans et est \u00e9galement cheftaine scouts et guides \u00e0 ses heures perdues. Salom\u00e9 suit des \u00e9tudes en g\u00e9nie m\u00e9canique en alternance. Dynamique et volontaire, elle est toujours pr\u00eate pour l&rsquo;aventure. Elle s\u2019est notamment occup\u00e9e des \u00e9changes avec les associations.<\/p>\n","protected":false},"author":1,"featured_media":0,"parent":0,"menu_order":0,"comment_status":"closed","ping_status":"open","template":"","meta":{"zakra_sidebar_layout":"customizer","zakra_remove_content_margin":false,"zakra_sidebar":"customizer","zakra_transparent_header":"customizer","zakra_logo":0,"zakra_main_header_style":"default","zakra_menu_item_color":"","zakra_menu_item_hover_color":"","zakra_menu_item_active_color":"","zakra_menu_active_style":"","zakra_page_header":true,"_monsterinsights_skip_tracking":false,"_monsterinsights_sitenote_active":false,"_monsterinsights_sitenote_note":"","_monsterinsights_sitenote_category":0,"_uf_show_specific_survey":0,"_uf_disable_surveys":false,"footnotes":""},"class_list":["post-2","page","type-page","status-publish","hentry"],"aioseo_notices":[],"_links":{"self":[{"href":"https:\/\/la7ecompamie.com\/index.php\/wp-json\/wp\/v2\/pages\/2","targetHints":{"allow":["GET"]}}],"collection":[{"href":"https:\/\/la7ecompamie.com\/index.php\/wp-json\/wp\/v2\/pages"}],"about":[{"href":"https:\/\/la7ecompamie.com\/index.php\/wp-json\/wp\/v2\/types\/page"}],"author":[{"embeddable":true,"href":"https:\/\/la7ecompamie.com\/index.php\/wp-json\/wp\/v2\/users\/1"}],"replies":[{"embeddable":true,"href":"https:\/\/la7ecompamie.com\/index.php\/wp-json\/wp\/v2\/comments?post=2"}],"version-history":[{"count":103,"href":"https:\/\/la7ecompamie.com\/index.php\/wp-json\/wp\/v2\/pages\/2\/revisions"}],"predecessor-version":[{"id":382,"href":"https:\/\/la7ecompamie.com\/index.php\/wp-json\/wp\/v2\/pages\/2\/revisions\/382"}],"wp:attachment":[{"href":"https:\/\/la7ecompamie.com\/index.php\/wp-json\/wp\/v2\/media?parent=2"}],"curies":[{"name":"wp","href":"https:\/\/api.w.org\/{rel}","templated":true}]}}